714 = 2*d - 4000, -3*d - 4353 = -2*k. List the prime factors of k.
2, 3, 11
Let m = -715 - -892. What are the prime factors of m?
3, 59
Let c = -3310 - -7535. What are the prime factors of c?
5, 13
Let f = 1556 + -902. List the prime factors of f.
2, 3, 109
Suppose 0 = -5*k + 13 - 8. Let b be 0/(2 + (k - 0)). List the prime factors of -9*((3 - 4) + b).
3
Suppose 2*c = -2*b + 6, -3*c - 27 = -5*b + 4. Suppose -2*w = 3*p - 296, b*w - 28 - 253 = -3*p. What are the prime factors of p?
2, 3, 17
Let k(i) = -i**3 - i**2 + 8. Let p be k(0). Suppose 10 = 3*s - p. Suppose 0 = s*j - 169 - 125. List the prime factors of j.
7
Suppose 2*x = 3*b - 1370 - 121, 2*b - 3*x = 999. List the prime factors of b.
3, 5, 11
Let h be (-7)/((-21)/(-9)) + 2. List the prime factors of (h/(-3))/((-15)/(-2295)).
3, 17
Let f be (-5 - 8)/(-1 + 2). Let r = f - -13. Suppose -g + 0*g = r, -3*z + 3*g = -12. List the prime factors of z.
2
Let i(m) = 2*m**3 + 6*m**2 + 4*m + 2. Let s be i(-2). Suppose 22 = -s*x + 96. What are the prime factors of x?
37
Suppose d - r = 312, 2*d + 3*d - 1572 = 2*r. What are the prime factors of d?
2, 79
Suppose c = 5*s + 2*c - 1574, -c = 4*s - 1259. List the prime factors of s.
3, 5, 7
Let t(s) = -s**3 - 7*s**2 - 8*s - 6. Let z be (-9)/(-6) + (-30)/4. Let o be t(z). What are the prime factors of 33 + -3 + o/2?
3, 11
Let k = -1 + 6. Suppose -23 = 3*i - k. List the prime factors of i/(-4)*16/3.
2
Let v(r) = -3*r + 1. Suppose -4*g - 4 = -0. Let w be v(g). Suppose -w*u = -8, -5*m = -4*u + 8*u - 198. List the prime factors of m.
2, 19
Let m(f) = -f**3 + 21*f**2 + 24*f + 64. List the prime factors of m(22).
2, 3
Let a = 352 - 292. List the prime factors of a.
2, 3, 5
What are the prime factors of 2427/((-7 + 9)*12/16)?
2, 809
Suppose 2*u - 2019 = 26*d - 25*d, 3*d + 1017 = u. List the prime factors of u.
2, 3, 7
Suppose s + 5*d - 47 - 136 = 0, -2*s + d = -311. Let v = s - 109. Let m = v + -26. What are the prime factors of m?
23
Let h(y) = 1438*y**2 + 8*y + 9. List the prime factors of h(-1).
1439
Suppose 3*y = -5*s + 41 - 0, -40 = -4*y - 3*s. Let n(u) = 3*u - 5. Let w be n(y). What are the prime factors of 820/w + 3/4?
2, 13
Suppose 4*p = -4*n + 14624, 9*n + 18280 = 5*p + 5*n. What are the prime factors of p?
2, 457
Let u = 29 + 0. Let p = 12 + u. List the prime factors of p.
41
Suppose -5*y - 623 = -0*j + 2*j, 4*j = 3*y - 1285. Let q = j - -482. List the prime factors of q.
163
Let l be ((-12)/(-10))/((-1)/(-5)). Let p(f) = f**3 - 5*f**2 - 5*f - 4. Let n be p(l). What are the prime factors of 42/n - -1*2?
23
Suppose -u = 4*q - 3628 - 687, -5*u + 3215 = 3*q. List the prime factors of q.
2, 3, 5
Suppose 4*f + n = -0*n + 2996, -4*n + 16 = 0. What are the prime factors of f?
2, 11, 17
Suppose 0 = 14*t - 85 - 153. Suppose 23*x = t*x + 1380. List the prime factors of x.
2, 5, 23
Let z be 2/5 + 119/(-35). What are the prime factors of ((-196)/(-12))/(-1)*z?
7
Suppose 121*o - 41695 = 90*o. What are the prime factors of o?
5, 269
Let b(s) = 8*s + 28. Let v be b(8). Let r = -24 + v. What are the prime factors of r?
2, 17
Suppose 99*w - 93*w - 3168 = 0. What are the prime factors of w?
2, 3, 11
Suppose 9*f + 0 = 18. Suppose 2*k - 7*k + 64 = -2*n, f*k = 2*n + 22. List the prime factors of k.
2, 7
Suppose -9*r = -8*r - 267. Suppose -2*h + r = h. List the prime factors of h.
89
Let k be 21/2 + (-8)/16. Let j(x) = -x**3 + 11*x**2 - 8*x + 1. What are the prime factors of j(k)?
3, 7
Suppose -2*s = -4*n, -4*s - 17 + 37 = 2*n. Let p be 2/6 + (-33)/(-9). List the prime factors of (((-16)/n)/p)/(-1).
2
Let r = 31 - 11. Let p be (-4)/(-10) - (-92)/r. List the prime factors of 141/p - (-9)/(-45).
2, 7
Let g = -18 + 22. Suppose 0 = 3*n - g*n - 12. Let h = 58 + n. List the prime factors of h.
2, 23
Suppose i - 14 = -5. Let w be (-10)/45 - (-146)/i. Let u = 44 - w. What are the prime factors of u?
2, 7
Let w(b) = b**3 - 9*b**2 + 9*b + 3. Let i be (-3 + 1 - 0)*-4. List the prime factors of w(i).
11
Let l(b) = b**3 - 3*b**2 - 5*b + 8. Let q be l(4). Suppose -4*n = -32 + q. List the prime factors of n.
7
List the prime factors of (-51 - 137)/(-1*(2 + 0)).
2, 47
Let v = 129 - -94. What are the prime factors of v?
223
Suppose -k + 4*k - 9 = 0. Let d(h) = -6*h + 3. Let y(p) = p**2 + p - 1. Let x(s) = -d(s) - y(s). List the prime factors of x(k).
2
Suppose 5*k = -8 - 7, -5*k = -2*r + 23. Suppose r*t - 6*t - 86 = 0. Let c = t - -107. What are the prime factors of c?
2
Let z = 666 + 1127. Suppose -f - z = -5*q, -5*q + 3*f + 1785 = -2*f. List the prime factors of q.
359
Let b(s) = -s**3 + s**2 - s - 2. Let f be b(2). Let c be 2*(-20)/f - 3. List the prime factors of (8/20)/(c/130).
2, 13
Suppose w = -0 - 5. What are the prime factors of ((-17)/2)/(w/30)?
3, 17
Let v(g) = g**3 + 8*g**2 - 8*g - 10. Let n be v(-8). Suppose 0 = -4*m - n - 38. Let k = m - -56. What are the prime factors of k?
3, 11
Suppose -6*b + 2 - 380 = 0. Let i = -33 - b. What are the prime factors of i?
2, 3, 5
Suppose 0*v = -2*v + 6. Let n(z) = 3*z**3 + 5*z**2 + 4*z - 1. What are the prime factors of n(v)?
137
Let a = 4168 - 2855. List the prime factors of a.
13, 101
Let l = 0 + 2. Suppose 0 = -3*s - l*b + 341, s - 90 = b + 27. List the prime factors of s.
5, 23
Let a be ((-1)/((-1)/10))/(8 + -6). Suppose -2*m - 4*d + 61 = -m, 0 = -4*m - a*d + 244. What are the prime factors of m?
61
Let h(k) = k**3 + k**2 - 2*k - 1. Suppose -2 = 9*j - 10*j. What are the prime factors of h(j)?
7
Let t = 30 + -28. Suppose -2*b - 179 = -5*q, -5*q - t*b - 3*b + 165 = 0. What are the prime factors of q?
5, 7
Suppose -15*u - 2734 = -16*u + 5*s, 0 = 2*s. What are the prime factors of u?
2, 1367
Let u(l) = 2*l**2 - 5*l + 10. Let t be 21/2*2/(-3)*1. List the prime factors of u(t).
11, 13
Suppose -1 = k, 3*u + 5*k = 395 + 746. Let d = -189 + u. List the prime factors of d.
193
Let u(t) = -2*t**3 - 98*t**2 - 120*t - 85. What are the prime factors of u(-48)?
11, 97
Let k = 3 - 1. Suppose 0 = -2*o + 2*r + r + 146, -k*r = o - 73. What are the prime factors of o?
73
Suppose d = -4*l - 219, l - 148 = 4*l + 4*d. Let q be ((-2)/(-1))/((-4)/l). Let f = 56 - q. What are the prime factors of f?
2, 7
Let m = -15 - 10. Let d = m + 73. What are the prime factors of d?
2, 3
Let q = 35 + 253. What are the prime factors of q?
2, 3
Suppose -20104 = -3*b + q + 139, 0 = -4*q - 8. What are the prime factors of b?
3, 13, 173
Let w(k) be the first derivative of 2*k**3/3 + 2*k**2 + 3*k - 6. Let z be w(-2). Suppose -2*f - 29 = -z*f. What are the prime factors of f?
29
Let i = 0 - 21. Let g = i + 40. What are the prime factors of g?
19
Let s = -434 - -998. List the prime factors of s.
2, 3, 47
Suppose 5*b = 3*b + 2. Let m = b - 10. Let g = m + 32. List the prime factors of g.
23
Suppose -2*g - 12 - 12 = 0. Let k(t) = t**3 + 13*t**2 + 13*t + 8. Let x be k(g). Let d(v) = v**3 + 6*v**2 + 3*v - 2. List the prime factors of d(x).
2, 3
Let p(w) = -w**2 + 17*w - 20. Let z be p(14). Suppose 17*a - z*a = -245. What are the prime factors of a?
7
Suppose -1 = -2*c + 3. Suppose 24 = -4*j + c*j. Let m = j + 25. List the prime factors of m.
13
Suppose -15*m + 23741 = 7961. List the prime factors of m.
2, 263
Let d(q) be the first derivative of 47*q**3/3 + 4*q - 21. What are the prime factors of d(-2)?
2, 3
Suppose -27*z = -28*z + 38. Let y = 180 + z. List the prime factors of y.
2, 109
Suppose d = 2*c + 2*d + 5, d - 1 = c. Let t be 1*c*(-34)/(-4). Let i = 10 - t. List the prime factors of i.
3
Suppose -4*k - 21 = -129. List the prime factors of 9/k - 200/(-3).
67
Let m(z) = z**2 - 2*z - 13. Let n(u) = u**2 - u - 4. Let f be n(4). What are the prime factors of m(f)?
5, 7
Let x = 12 - 11. Let s be (x/2)/1*-2. List the prime factors of (33 - -1) + -4 - s.
31
Let t(h) = -12*h**3 - 6*h**2 + 14*h + 76. List the prime factors of t(-4).
2, 173
Suppose 800 = 14*f - 9*f. What are the prime factors of f?
2, 5
Let l = 581 - 333. Suppose -3*y = 4*g - l, 3*g + 3*y - y - 185 = 0. List the prime factors of g.
59
Suppose 2*q - 17 = -2*a + 5*q, 26 = 3*a - 5*q. Suppose 28 = 4*d - 4*s, -26 = -4*d - 5*s + a*s. Let l = 9 + d. What are the prime factors of l?
3, 5
Suppose 9*v - 38 = 7. Suppose 4*x = -4*s + 520, 0 = -3*s + v*x - 2*x + 408. List the prime factors of s.
7, 19
Suppose -3*m + 274 = -44. Suppose -